 is divided by 141101.
38
Calculate the remainder when 2228269 is divided by 38.
25
What is the remainder when 166002 is divided by 16036?
5642
What is the remainder when 162691 is divided by 162430?
261
Calculate the remainder when 854747 is divided by 156.
23
What is the remainder when 4094833 is divided by 46?
5
What is the remainder when 13678213 is divided by 75990?
13
What is the remainder when 25584652 is divided by 10990?
10922
What is the remainder when 9217501 is divided by 145?
141
What is the remainder when 171760112 is divided by 1049?
1048
What is the remainder when 897666 is divided by 2688?
2562
What is the remainder when 917263 is divided by 152876?
7
Calculate the remainder when 84451 is divided by 12038.
185
Calculate the remainder when 722208 is divided by 9253.
474
What is the remainder when 503033 is divided by 2550?
683
Calculate the remainder when 22757 is divided by 7463.
368
What is the remainder when 763167 is divided by 190781?
43
What is the remainder when 261919 is divided by 261897?
22
Calculate the remainder when 79629 is divided by 2946.
87
What is the remainder when 958392 is divided by 479160?
72
What is the remainder when 1275356 is divided by 1013?
1002
Calculate the remainder when 323461 is divided by 24879.
34
What is the remainder when 4335939 is divided by 45166?
3
Calculate the remainder when 1625157 is divided by 16.
5
What is the remainder when 10412268 is divided by 1772?
1768
What is the remainder when 197886913 is divided by 329?
322
Calculate the remainder when 144240 is divided by 174.
168
Calculate the remainder when 505733 is divided by 122.
43
What is the remainder when 61844 is divided by 680?
644
Calculate the remainder when 1425779 is divided by 931.
418
Calculate the remainder when 1419887 is divided by 157544.
1991
Calculate the remainder when 79181368 is divided by 1410.
1408
What is the remainder when 52705151 is divided by 96?
95
What is the remainder when 8285119 is divided by 223?
0
Calculate the remainder when 7739 is divided by 2569.
32
What is the remainder when 63200160 is divided by 302?
16
Calculate the remainder when 5078997 is divided by 63482.
437
What is the remainder when 292328 is divided by 2151?
1943
Calculate the remainder when 49245828 is divided by 1070561.
22
What is the remainder when 7492527 is divided by 49950?
27
What is the remainder when 33695611 is divided by 84?
19
What is the remainder when 68561 is divided by 21909?
2834
What is the remainder when 3584733 is divided by 662?
3
Calculate the remainder when 852131 is divided by 284042.
5
Calculate the remainder when 19231250 is divided by 322.
122
Calculate the remainder when 2737989 is divided by 684496.
5
Calculate the remainder when 8689283 is divided by 4344637.
9
Calculate the remainder when 8618080 is divided by 102596.
16
Calculate the remainder when 2475562 is divided by 21155.
427
What is the remainder when 23111 is divided by 217?
109
Calculate the remainder when 15483 is divided by 3092.
23
What is the remainder when 175048 is divided by 1124?
828
Calculate the remainder when 778183 is divided by 22.
21
What is the remainder when 75060682 is divided by 61?
60
What is the remainder when 94932832 is divided by 618?
616
Calculate the remainder when 399046 is divided by 22.
10
Calculate the remainder when 8436399 is divided by 140.
139
Calculate the remainder when 66626648 is divided by 91.
88
Calculate the remainder when 74117 is divided by 73903.
214
What is the remainder when 38196542 is divided by 19098270?
2
Calculate the remainder when 1043826 is divided by 55.
36
Calculate the remainder when 4766601 is divided by 270.
21
What is the remainder when 99488689 is divided by 93?
79
What is the remainder when 169801477 is divided by 88117?
18
What is the remainder when 28576060 is divided by 222?
220
What is the remainder when 83479 is divided by 5959?
53
Calculate the remainder when 70169 is divided by 68660.
1509
What is the remainder when 12522700 is divided by 381?
373
Calculate the remainder when 114298 is divided by 1905.
1903
What is the remainder when 11104334 is divided by 23829?
20
What is the remainder when 483502 is divided by 49?
19
Calculate the remainder when 5136317 is divided by 160.
157
Calculate the remainder when 1162683 is divided by 15.
3
What is the remainder when 33041826 is divided by 42199?
9
Calculate the remainder when 10806276 is divided by 408.
396
What is the remainder when 16712847 is divided by 1444?
1435
Calculate the remainder when 6034017 is divided by 1349.
1289
Calculate the remainder when 418003 is divided by 1065.
523
Calculate the remainder when 19370894 is divided by 2589.
2585
Calculate the remainder when 22659 is divided by 4852.
3251
Calculate the remainder when 405434 is divided by 220.
194
Calculate the remainder when 700764 is divided by 2183.
21
Calculate the remainder when 1706106 is divided by 3275.
3106
Calculate the remainder when 1167771 is divided by 389167.
270
Calculate the remainder when 1920959 is divided by 22336.
63
Calculate the remainder when 11078 is divided by 10335.
743
Calculate the remainder when 1543390 is divided by 514455.
25
Calculate the remainder when 99354 is divided by 5501.
336
What is the remainder when 7295855 is divided by 30273?
62
What is the remainder when 25225 is divided by 25010?
215
What is the remainder when 202290 is divided by 2272?
82
Calculate the remainder when 510807 is divided by 1490.
1227
Calculate the remainder when 145602 is divided by 48524.
30
Calculate the remainder when 19487340 is divided by 25.
15
What is the remainder when 438284 is divided by 23?
19
What is the remainder when 328049 is divided by 683?
209
What is the remainder when 147482 is divided by 863?
772
What is the remainder when 2543620 is divided by 635902?
12
Calculate the remainder when 19875186 is divided by 802.
22
What is the remainder when 584557 is divided by 83?
71
Calculate the remainder when 21991755 is divided by 9.
3
What is the remainder when 4225144 is divided by 841?
801
What is the remainder when 2013527 is divided by 1109?
692
What is the remainder when 60731 is divided by 3063?
2534
Calculate the remainder when 564431 is divided by 9.
5
Calculate the remainder when 74857 is divided by 2866.
341
What is the remainder when 651580 is divided by 193?
12
What is the remainder when 464251 is divided by 10546?
227
What is the remainder when 86609 is divided by 225?
209
What is the remainder when 80417677 is divided by 560?
557
Calculate the remainder when 10903 is divided by 1574.
1459
Calculate the remainder when 17433297 is divided by 34797.
0
What is the remainder when 5090148 is divided by 1951?
1940
Calculate the remainder when 19615938 is divided by 23.
20
Calculate the remainder when 343800 is divided by 5.
0
Calculate the remainder when 81387604 is divided by 344.
300
What is the remainder when 37122602 is divided by 65?
62
What is the remainder when 230740 is divided by 44912?
6180
What is the remainder when 658072894 is divided by 31?
27
What is the remainder when 1037944 is divided by 273?
271
What is the remainder when 17109971 is divided by 58?
29
What is the remainder when 9096419 is divided by 243?
200
What is the remainder when 30842 is divided by 28030?
2812
What is the remainder when 1131918 is divided by 33?
18
Calculate the remainder when 18093639 is divided by 944.
935
Calculate the remainder when 3978406 is divided by 51.
49
What is the remainder when 6747583 is divided by 124?
123
What is the remainder when 20114 is divided by 6677?
83
Calculate the remainder when 26187003 is divided by 52374.
3
Calculate the remainder when 35674836 is divided by 1001.
197
Calculate the remainder when 232895 is divided by 625.
395
Calculate the remainder when 10146199 is divided by 38.
9
Calculate the remainder when 59971 is divided by 14734.
1035
What is the remainder when 15432 is divided by 787?
479
Calculate the remainder when 92381 is divided by 442.
3
What is the remainder when 55174 is divided by 64?
6
Calculate the remainder when 7991174 is divided by 50577.
8
What is the remainder when 15787961 is divided by 3946939?
205
Calculate the remainder when 11998172 is divided by 1558.
14
Calculate the remainder 